*m - 67 = -5*y, -53*y + 56*y - 3*m = 42. Give o(y).
4
Suppose -659*s + 664*s = -4*y + 2, -2*y = -16. Let p(r) = -2*r**2 - 5*r - 2. What is p(s)?
-44
Let q(k) be the third derivative of -k**6/120 - k**5/15 - k**4/12 + 4*k**3/3 - 2466*k**2. What is q(-4)?
16
Let j(c) be the first derivative of -c**4/4 - 7*c**3/3 - 5*c**2/2 + 10*c - 3164. What is j(-6)?
4
Let f be ((-1)/7 - 1)*70/(-20). Let y be (7/f)/((-22)/(-88)). Let n(i) be the first derivative of i**3/3 - 3*i**2 - 4*i - 1. Give n(y).
3
Let y(d) be the second derivative of -d**4/12 + d**3 + 37*d**2/2 + 4752*d. Calculate y(-5).
-18
Let n(x) = -x**2 - 5*x + 14. Let m(s) = -4*s**2 - 101*s - 518. Let o be m(-7). What is n(o)?
0
Let a(u) = -u**3 + 4*u**2 + 4*u + 15. Let o(h) = h**2 + 36*h + 293. Let t be o(-12). Calculate a(t).
10
Let n(h) = 103 + 19*h + 6*h - h**3 - 80 + 12*h**2 + 0*h**2. Calculate n(14).
-19
Let u be -446 - 1 - 684/76. Let n = 462 + u. Let d(l) = -2*l. Let v(b) = -3*b - 1. Let k(f) = -5*d(f) + 3*v(f). What is k(n)?
3
Let q(o) = -2*o**2 - 38*o - 33. Let c be q(-18). Let n be c/((-9)/(-6)) + -3. Let k(l) = 3*l. Let u(t) = 2*t. Let a(b) = -3*k(b) + 5*u(b). Give a(n).
-1
Let p(a) = -a**2 + 10*a - 12. Let b be p(6). Let n(v) = -3*v**2 + 25*v + 8. Let g be n(b). Let h = 121 + g. Let m(r) = 2*r + 3. Calculate m(h).
-3
Suppose 25 = 6*p - 17. Let w(j) = 8*j + 8*j**2 - 6*j - p*j**2 + 2. Suppose -4*o - 2*z + 18 = z, -16 = -2*o - 5*z. Calculate w(o).
17
Let k(i) = -183 - 357 + 11*i - 217*i - 1106. Calculate k(-8).
2
Suppose -1769*d + 1742*d + 81 = 0. Let k(g) = g**3 - g**2 - 5*g - 5. Calculate k(d).
-2
Let v = 94 + -92. Suppose -f - 2*n - 1 = 3*n, 5*n + v = -2*f. Let i be 4/(-6)*(-13 - f). Let q(s) = s - 9. Give q(i).
-1
Let q(z) = 3*z**3 + 13*z**2 - 12*z + 4. Let w(t) = -t**3 - 15*t**2 + 14*t - 5. Let b(f) = -7*q(f) - 6*w(f). Determine b(-1).
16
Suppose -7*f + 392 = 497. Let x(r) = -3*r - 40. What is x(f)?
5
Let x(v) = v**2 - 10*v + 15. Let k be x(8). Let m(a) = 5*a**3 + 7*a**2 - a - 3. Let s(h) = -h**3 - 1. Let u(t) = k*m(t) - 4*s(t). What is u(-7)?
0
Let f be -4 - (1 + 9/(-3)) - -8. Let n(b) = 2*b**3 - 13*b**2 + 3*b + 13. Determine n(f).
-5
Let o(u) = -u**3 + 25*u**2 - 25*u + 15. Let d(b) = -b**3 + 5*b**2 + 203*b - 991. Let w be d(5). Give o(w).
-9
Suppose -b - 15 = -4*i, -4*i = -4*b + 5*b - 9. Let r(j) = -4*j**2 + 5*j - 2. Let z(w) = w**3 - w**2. Let x(o) = r(o) + z(o). Give x(i).
-5
Let u(p) = 6*p**3 - 5*p**2 - 19*p - 14. Let l(z) = -5*z**3 + 6*z**2 + 20*z + 13. Let v(b) = 5*l(b) + 4*u(b). Determine v(12).
9
Let x(u) be the first derivative of -u**4/4 - u**3 - 2*u**2 - 7*u - 39. Let k be x(-3). Let h be (8/20)/((-2)/k). Let g(r) = -5*r**2 + 1. What is g(h)?
-4
Let v be -5*1*-1*24/40. Suppose i - 4*i + v*b + 12 = 0, -i - 8 = 3*b. Let g(z) be the third derivative of -2*z**5/15 + z**4/12 - z**3/6 + 148*z**2. Give g(i).
-7
Let j(w) = -w**3 - 5*w**2 + 12*w - 9. Let o(i) = -310*i - 3107. Let k be o(-10). What is j(k)?
5
Suppose -5*l = -l - 24. Let y(s) be the first derivative of 3*s**2 - 12*s + 54. Let a(r) = -5*r + 11. Let t(k) = -4*a(k) - 3*y(k). What is t(l)?
4
Let c(m) be the second derivative of -m**5/60 - 13*m**4/24 - 8*m**3/3 - 13*m**2/2 + 49*m + 2. Let j(b) be the first derivative of c(b). Calculate j(-11).
6
Let c(i) = -21*i**2 - 23*i + 3. Let p(z) = 16*z**2 + 22*z - 2. Let s(k) = -3*c(k) - 4*p(k). Give s(-14).
69
Let h(y) be the first derivative of y**6/360 - 3*y**5/40 + 13*y**4/24 + 29*y**3/3 + 132. Let o(d) be the third derivative of h(d). What is o(7)?
-1
Let u(h) be the third derivative of 0*h + 251*h**2 + 0 + 1/12*h**4 + 17/6*h**3. Determine u(-8).
1
Let w(j) = -301*j**3 - 34*j**2 - 21*j + 4. Let h(z) = -76*z**3 - 8*z**2 - 5*z + 1. Let i(n) = -17*h(n) + 4*w(n). Calculate i(1).
88
Let b(g) = 3*g - 24 - g - 22*g + 50 - 25 - 2*g**2. Give b(-10).
1
Suppose 15 = f + 3. Let d(g) = g**3 - 10*g**2 - 26*g + 6. What is d(f)?
-18
Let r(g) = -3*g**2 + 35*g + 37. Let o be -5 - -2*(-2)/4. Let i(w) = w**2 - 12*w - 13. Let n(s) = o*r(s) - 17*i(s). Calculate n(6).
-1
Let d(u) = 3*u**2 - 13*u + 45. Let b(p) = -p**3 - 9*p**2 - 25*p - 343. Let q be b(-10). Calculate d(q).
101
Let p(t) be the second derivative of 1/2*t**2 + 1/2*t**3 - 1 + 1/4*t**4 - 36*t - 1/5*t**5. What is p(-1)?
5
Suppose -l = 4*l + 60. Let n = l - -13. Let j(q) = q**3 + q**2 + 1. Let i(w) = 2*w**3 + 3*w**2 - w + 3. Let f(h) = 2*i(h) - 5*j(h). Give f(n).
-1
Let q(v) = 9*v + 3*v + 49 - 6*v - 10 - 4*v. Determine q(-9).
21
Let x(w) be the third derivative of -1/12*w**4 - 4*w + 7*w**2 + 0 - 1/6*w**3. Calculate x(-4).
7
Let v(k) = -2*k + 2. Let m = -9 - -14. Let u be v(m). Let o(f) be the second derivative of -f**3/6 - 7*f**2/2 + 250*f. What is o(u)?
1
Let z(a) = -a + 8. Let n be z(3). Suppose 5*k - 24 = 2*i, 4*i - 6 = -n*k + 6. Let x(p) = 5*p**2 + 2 + p**2 - p**3 - 2*p**2. What is x(k)?
2
Let w = -9 - 0. Let j be (-39)/w + (-2)/6. Let k(o) = -16*o - 3 + 0 - 1 + 36*o - 19*o. Give k(j).
0
Let p(q) = 3*q**2 - 98*q + 57. Let s be ((0 - -3) + -51)/((-69)/46). Calculate p(s).
-7
Let r(c) = -c**2 + 13*c. Suppose -9 = -2*l - 2*x - 15, -2 = 4*l + 2*x. Suppose -g - 2*q + 8 = -5, -2*q - 26 = -l*g. Calculate r(g).
0
Let x(m) = 4*m - 92. Let i be ((-80)/(-18))/(40/144). Calculate x(i).
-28
Let k(n) be the third derivative of -n**6/240 + 7*n**5/120 - n**4/24 - 23*n**3/6 - 6*n**2 + 6. Let g(c) be the second derivative of k(c). Give g(6).
-11
Let d(o) = o + 28. Suppose 0 = -3*m, -m - 96 = -4*n - 208. Determine d(n).
0
Let n(g) = 33*g - 4 - 24*g + 38 - 20. What is n(-4)?
-22
Let b(l) be the first derivative of -l**4/4 + 8*l**3/3 - 5*l**2 + 28*l + 3098. Determine b(7).
7
Suppose 30 = 2*k - 2*h - h, 3*k - 62 = -4*h. Suppose 4*v - 2*q - k = 0, v - 3*q + 23 = 5*v. Let s(d) = -d**3 + 4*d**2 + 7*d. Give s(v).
10
Let f(r) = -2*r - 3. Let u(b) = b**2 + 61*b - 264. Let p be u(4). Give f(p).
5
Let b(r) be the second derivative of -r**4/12 - r**3/3 - r**2/2 + r. Suppose 0 = 3*j - 3*q + 7*q + 2297, -5*j + 3*q = 3809. Let x = j - -762. Determine b(x).
0
Let r(t) be the second derivative of 2*t - 7 - 1/6*t**3 + t**2. Calculate r(-2).
4
Let h be (-20 - 2046/(-99))/((-1)/(-9)). Let d(c) = 7*c**2 - 20*c + 13. Let p(m) = -14 + 16*m - 4*m**2 - 6*m + 7. Let r(g) = -3*d(g) - 5*p(g). Determine r(h).
20
Let i = -142 - -141. Let n(q) be the second derivative of -17*q**3/6 - q**2/2 - 5*q + 3. Calculate n(i).
16
Let w(l) be the first derivative of l**4/4 - 11*l**2/2 + 11*l - 5153. Calculate w(1).
1
Let c(q) be the third derivative of -q**4/6 + 119*q**3/6 + 6494*q**2. Determine c(24).
23
Let p(b) = 11*b**3 - 3*b**2 - 8*b. Let i(n) = -49*n**3 + n**2 + 45*n**3 - 2*n + 5*n. Let k(y) = -8*i(y) - 3*p(y). Determine k(0).
0
Suppose 12*z = 4*z + 56. Let n(v) be the third derivative of 1/120*v**6 - 1/10*v**5 - 7/24*v**4 + 0 - 4*v**2 + v**3 + 0*v. Give n(z).
6
Let g(d) = 2*d**3 + 21*d**2 - 9*d + 19. Suppose 67*r - 31 + 768 = 0. Determine g(r).
-3
Let q(a) = -2*a**3 + 59*a**2 + 9*a - 39. Let i(b) = -3*b**3 + 75*b**2 + 9*b - 41. Let s(o) = -3*i(o) + 4*q(o). What is s(-10)?
-23
Suppose 10 = 2*r - 11*u + 13*u, -r - 5 = 3*u. Let w(c) = c**3 - 11*c**2 + 15*c - 14. Determine w(r).
36
Let s(o) be the third derivative of -5*o**4/6 - 2*o**3/3 - 3*o**2 + o. Let f(p) = -58*p - 11. Let n(q) = 4*f(q) - 11*s(q). What is n(-1)?
12
Suppose 0 = 152*x - 174*x. Let n(d) = -14*d - 2. Give n(x).
-2
Let o(g) be the third derivative of -6*g**2 + 0*g - 1/24*g**4 + 0 + 7/6*g**3. Let h be -4 + 2 + 9 - 1. Determine o(h).
1
Let r = -80 - -83. Suppose -2*z = -r*z + 2. Suppose 0 = -x - z*f - 2, -3*f = -4*x - 4*f + 6. Let a(y) = -2*y + 3. Determine a(x).
-1
Let k(b) = -9*b + 88. Let r be k(-9). Let w = 178 - r. Let f(p) = p**3 - 8*p**2 - 9*p + 4. Give f(w).
4
Let s(h) = 4*h - 7. Let u be ((-4)/6)/((80/(-24))/5). Determine s(u).
-3
Let s(d) = -d**3 - d**2 + 3*d - 1. Let m be 3/(((-84)/21)/(8/2)). Give s(m).
8
Let n(j) = -j**2 - 3*j + 6. Let c(q) = 180*q - 1806. Let y be c(10). Determine n(y).
-12
Suppose z = -0*z - 2. Let d(v) be the second derivative of -2*v**3 + 3*v**2/2 - 2*v + 7. Calculate d(z).
27
Let b(v) be the third derivative of -1/24*v**4 - 2/3*v**3 + 66*v**2 + 0 + 0*v. Give b(-4).
0
Suppose -9*t = 5*t - 14. Let a(z) = 48*z**3 + 8*z**2 - 19*z - 14. Let w(u) = -16*u**3 - 3*u**2 + 7*u + 5. Let j(i) = 4*a(